{"id":42632,"date":"2017-09-11T11:30:49","date_gmt":"2017-09-11T09:30:49","guid":{"rendered":"https:\/\/www.weinberger-holz.at\/the-making-of-weinberger\/"},"modified":"2026-04-23T13:02:02","modified_gmt":"2026-04-23T11:02:02","slug":"the-making-of-weinberger","status":"publish","type":"page","link":"https:\/\/www.weinberger-holz.at\/es\/the-making-of-weinberger\/","title":{"rendered":"Historia"},"content":{"rendered":"<div class=\"wpb-content-wrapper\"><p>[vc_row type=\u00bbfull-width-content\u00bb css=\u00bb.vc_custom_1504010577304{margin-bottom: 0px !important;}\u00bb][vc_column][vc_empty_space height=\u00bb5&#8243;][layerslider_vc id=\u00bb2&#8243;][\/vc_column][\/vc_row][vc_row type=\u00bbfull-width-section\u00bb css=\u00bb.vc_custom_1504010545873{margin-top: 0px !important;padding-top: 15px !important;padding-bottom: 15px !important;background-color: #803026 !important;}\u00bb][vc_column][vc_column_text css=\u00bb\u00bb]<\/p>\n<h1><span style=\"color: #ffffff;\">La creaci\u00f3n de Weinberger<\/span><\/h1>\n<p>[\/vc_column_text][\/vc_column][\/vc_row][vc_row equal_height=\u00bbyes\u00bb content_placement=\u00bbbottom\u00bb][vc_column width=\u00bb2\/3&#8243;][vc_column_text css=\u00bb.vc_custom_1505122463475{margin-bottom: 0px !important;padding-bottom: 0px !important;}\u00bb]<\/p>\n<h3>1854<\/h3>\n<p>[\/vc_column_text][vc_column_text css=\u00bb\u00bb]<\/p>\n<p style=\"padding-left: 30px;\">La historia de \u00e9xito de la empresa Weinberger comienza con una explotaci\u00f3n agr\u00edcola en la provincia austriaca de Carintia, que tambi\u00e9n inclu\u00eda una finca forestal. Hace cinco generaciones, se tom\u00f3 la decisi\u00f3n de utilizar este capital comercialmente. Con la construcci\u00f3n de un peque\u00f1o aserradero, la empresa de Lavanttal aument\u00f3 su valor a\u00f1adido. Las d\u00e9cadas siguientes se caracterizaron por la constante evoluci\u00f3n del emplazamiento y la ampliaci\u00f3n del aserradero. Por ejemplo, con un parque de troncos, el inicio de la producci\u00f3n de parquet y la construcci\u00f3n de la cepilladora para tablas perfiladas y madera para la construcci\u00f3n. Todas las inversiones representan el desarrollo consecuente de la empresa para transformarla en una empresa de alta tecnolog\u00eda en el campo del tratamiento de la madera.<\/p>\n<p>[\/vc_column_text][vc_column_text css=\u00bb.vc_custom_1505122487594{margin-bottom: 0px !important;padding-bottom: 0px !important;}\u00bb]<\/p>\n<h3>1982<\/h3>\n<p>[\/vc_column_text][vc_column_text css=\u00bb\u00bb]<\/p>\n<p style=\"padding-left: 30px;\">Colocaci\u00f3n de la primera piedra para la producci\u00f3n de ensamblajes de dientes triangulares, la pieza central actual de Weinberger.<\/p>\n<p>[\/vc_column_text][vc_column_text css=\u00bb.vc_custom_1505122542585{margin-bottom: 0px !important;padding-bottom: 0px !important;}\u00bb]<\/p>\n<h3>1992<\/h3>\n<p>[\/vc_column_text][vc_column_text css=\u00bb\u00bb]<\/p>\n<p style=\"padding-left: 30px;\">Estreno europeo del uso de la tecnolog\u00eda de poliuretano sin formaldeh\u00eddo en el sector de los adhesivos (adhesivo PUR) para componentes de madera portantes.<\/p>\n<p>[\/vc_column_text][vc_column_text css=\u00bb.vc_custom_1505122568089{margin-bottom: 0px !important;padding-bottom: 0px !important;}\u00bb]<\/p>\n<h3>1994<\/h3>\n<p>[\/vc_column_text][vc_column_text css=\u00bb\u00bb]<\/p>\n<p style=\"padding-left: 30px;\">Fabricaci\u00f3n de Bilam y Trilam<\/p>\n<p>[\/vc_column_text][vc_column_text css=\u00bb.vc_custom_1505122591174{margin-bottom: 0px !important;padding-bottom: 0px !important;}\u00bb]<\/p>\n<h3>2001<\/h3>\n<p>[\/vc_column_text][vc_column_text css=\u00bb\u00bb]<\/p>\n<p style=\"padding-left: 30px;\">Ganador nacional del premio a la innovaci\u00f3n \u00abCrecer gracias a la investigaci\u00f3n\u00bb<\/p>\n<p>[\/vc_column_text][vc_column_text css=\u00bb.vc_custom_1505122652814{margin-bottom: 0px !important;padding-bottom: 0px !important;}\u00bb]<\/p>\n<h3>2007<\/h3>\n<p>[\/vc_column_text][vc_column_text css=\u00bb\u00bb]<\/p>\n<p style=\"padding-left: 30px;\">3.\u00ba puesto en el premio a la innovaci\u00f3n y la investigaci\u00f3n \u00abEnsamblajes innovadores de componentes de madera portantes\u00bb<\/p>\n<p>[\/vc_column_text][vc_column_text css=\u00bb.vc_custom_1505122677306{margin-bottom: 0px !important;padding-bottom: 0px !important;}\u00bb]<\/p>\n<h3>2010<\/h3>\n<p>[\/vc_column_text][vc_column_text css=\u00bb\u00bb]<\/p>\n<p style=\"padding-left: 30px;\">Adquisici\u00f3n de la planta de BSH en Abtenau (Salzburgo)<\/p>\n<p>[\/vc_column_text][vc_column_text css=\u00bb.vc_custom_1505122694103{margin-bottom: 0px !important;padding-bottom: 0px !important;}\u00bb]<\/p>\n<h3>2012<\/h3>\n<p>[\/vc_column_text][vc_column_text css=\u00bb\u00bb]<\/p>\n<p style=\"padding-left: 30px;\">Weinberger es la primera empresa de Europa que produce Bilam y Trilam con calidad conforme a la CE.<\/p>\n<p>[\/vc_column_text][vc_column_text css=\u00bb.vc_custom_1505122716355{margin-bottom: 0px !important;padding-bottom: 0px !important;}\u00bb]<\/p>\n<h3>2013<\/h3>\n<p>[\/vc_column_text][vc_column_text css=\u00bb\u00bb]<\/p>\n<p style=\"padding-left: 30px;\">weinberger-holz gmbh recibe el Premio a la Cooperaci\u00f3n ACR 2013 por el proyecto de investigaci\u00f3n \u00abTablones para casas de madera sin compensaci\u00f3n de asiento\u00bb realizado conjuntamente con Holzforschung Austria.<\/p>\n<p>[\/vc_column_text][vc_column_text css=\u00bb.vc_custom_1505122735672{margin-bottom: 0px !important;padding-bottom: 0px !important;}\u00bb]<\/p>\n<h3>2014<\/h3>\n<p>[\/vc_column_text][vc_column_text css=\u00bb\u00bb]<\/p>\n<p style=\"padding-left: 30px;\">En oto\u00f1o de 2014 entra en funcionamiento en Abtenau la planta de madera laminada de Weinberger m\u00e1s moderna de Austria.<\/p>\n<p>[\/vc_column_text][vc_column_text css=\u00bb.vc_custom_1505122752839{margin-bottom: 0px !important;padding-bottom: 0px !important;}\u00bb]<\/p>\n<h3>2016<\/h3>\n<p>[\/vc_column_text][vc_column_text css=\u00bb\u00bb]<\/p>\n<p style=\"padding-left: 30px;\">Conformidad CE para Bilam y Trilam en alerce<\/p>\n<p>[\/vc_column_text][vc_column_text css=\u00bb.vc_custom_1517580443519{margin-bottom: 0px !important;padding-bottom: 0px !important;}\u00bb]<\/p>\n<h3>2017<\/h3>\n<p>[\/vc_column_text][vc_column_text css=\u00bb\u00bb]<\/p>\n<p style=\"padding-left: 30px;\">Conformidad CE para primolam en abeto y pino<\/p>\n<p>[\/vc_column_text][vc_column_text css=\u00bb.vc_custom_1648554691277{margin-bottom: 0px !important;padding-bottom: 0px !important;}\u00bb]<\/p>\n<h3>2018<\/h3>\n<p>[\/vc_column_text][vc_column_text css=\u00bb\u00bb]<\/p>\n<p style=\"padding-left: 30px;\">Nuestra electricidad ecol\u00f3gica ahora tambi\u00e9n est\u00e1 certificada oficialmente como electricidad verde.<\/p>\n<p>[\/vc_column_text][vc_column_text css=\u00bb.vc_custom_1648554817013{margin-bottom: 0px !important;padding-bottom: 0px !important;}\u00bb]<\/p>\n<h3>2021<\/h3>\n<p>[\/vc_column_text][vc_column_text css=\u00bb\u00bb]<\/p>\n<p style=\"padding-left: 30px;\">Conformidad CE para madera laminada de alerce<br \/>\nConformidad CE para primolam en aplicaciones verticales<\/p>\n<p>[\/vc_column_text][vc_column_text css=\u00bb.vc_custom_1648554992333{margin-bottom: 0px !important;padding-bottom: 0px !important;}\u00bb]<\/p>\n<h3>2022<\/h3>\n<p>[\/vc_column_text][vc_column_text css=\u00bb\u00bb]<\/p>\n<p style=\"padding-left: 30px;\">Ampliaci\u00f3n del sistema de protecci\u00f3n contra incendios (sistema de rociadores) en la planta de Reichenfels<br \/>\nActualizaci\u00f3n del software de planificaci\u00f3n de la producci\u00f3n y del ordenador central para la producci\u00f3n por encargo<\/p>\n<p>[\/vc_column_text][vc_column_text css=\u00bb\u00bb]<\/p>\n<p style=\"padding-left: 30px;\">Fundaci\u00f3n de weinberger-holding gmbh.<br \/>\nAct\u00faa como sociedad matriz de las dos filiales weinberger-holz gmbh y weinberger-abtenau gmbh y flexibiliza las oportunidades de desarrollo estrat\u00e9gico. Sin embargo, la sociedad holding no modifica la estructura de propiedad ni la condici\u00f3n de empresa familiar.<\/p>\n<p>[\/vc_column_text][vc_column_text css=\u00bb.vc_custom_1710158847369{margin-bottom: 0px !important;padding-bottom: 0px !important;}\u00bb]<\/p>\n<h3>2023<\/h3>\n<p>[\/vc_column_text][vc_column_text css=\u00bb\u00bb]<\/p>\n<p style=\"padding-left: 30px;\">Adquisici\u00f3n de una nueva prensa de ensamblaje de dientes triangulares, ampliaci\u00f3n del almac\u00e9n de varios niveles e instalaci\u00f3n de un nuevo patern\u00f3ster para la posibilidad de nuevas superestructuras h\u00edbridas en la planta de Reichenfels.<br \/>\nAhora se pueden producir en ambas f\u00e1bricas tablones para casas de maderas con un grosor de pared de 280 mm y Bilam forte.<\/p>\n<p>[\/vc_column_text][vc_column_text css=\u00bb.vc_custom_1710158858853{margin-bottom: 0px !important;padding-bottom: 0px !important;}\u00bb]<\/p>\n<h3>2024<\/h3>\n<p>[\/vc_column_text][vc_column_text css=\u00bb\u00bb]<\/p>\n<p style=\"padding-left: 30px;\">Adquisici\u00f3n de nuevos esc\u00e1neres de rayos X Microtec en ambas sedes.<\/p>\n<p>[\/vc_column_text][vc_column_text css=\u00bb.vc_custom_1776070262667{margin-bottom: 0px !important;padding-bottom: 0px !important;}\u00bb]<\/p>\n<h3>2025<\/h3>\n<p>[\/vc_column_text][vc_column_text css=\u00bb\u00bb]<\/p>\n<p style=\"padding-left: 30px;\">Ampliaci\u00f3n de la capacidad de los almacenes de materias primas de Reichenfels hasta alcanzar un total de 16 000 m<sup>3<\/sup>, lo que se traduce en una mayor disponibilidad y capacidad adicional para otras especies de madera, como el alerce, el pino y el abeto Douglas.<\/p>\n<p>[\/vc_column_text][vc_column_text css=\u00bb.vc_custom_1776942091434{margin-bottom: 0px !important;padding-bottom: 0px !important;}\u00bb]<\/p>\n<h3>2026<\/h3>\n<p>[\/vc_column_text][vc_column_text css=\u00bb\u00bb]<\/p>\n<p style=\"padding-left: 30px;\">Adquisici\u00f3n de una nueva cepilladora para madera laminada con un grosor de hasta 1.400 mm.<\/p>\n<p>[\/vc_column_text][\/vc_column][vc_column width=\u00bb1\/3&#8243;][vc_empty_space height=\u00bb25&#8243;][vc_column_text css=\u00bb.vc_custom_1739800224416{border-left-width: 2px !important;padding-left: 10px !important;border-left-style: solid !important;border-color: #803026 !important;}\u00bb font_size=\u00bb20&#8243; line_height=\u00bb26&#8243;]<span style=\"color: #803026;\">En la actualidad, Weinberger es el l\u00edder del mercado en t\u00e9rminos de calidad y servicio en el \u00e1mbito de los productos para la construcci\u00f3n portante de madera encolada Bilam, Trilam y madera laminada. Un gran n\u00famero de clientes europeos de renombre y empresas de comercio y construcci\u00f3n de madera conscientes de la calidad, as\u00ed como carpinter\u00edas de todos los tama\u00f1os, aprecian nuestros productos desde hace muchos a\u00f1os.<\/span>[\/vc_column_text][\/vc_column][\/vc_row]<\/p>\n<\/div>","protected":false},"excerpt":{"rendered":"<p>[vc_row type=\u00bbfull-width-content\u00bb css=\u00bb.vc_custom_1504010577304{margin-bottom: 0px !important;}\u00bb][vc_column][vc_empty_space height=\u00bb5&#8243;][layerslider_vc id=\u00bb2&#8243;][\/vc_column][\/vc_row][vc_row type=\u00bbfull-width-section\u00bb css=\u00bb.vc_custom_1504010545873{margin-top: 0px !important;padding-top: 15px !important;padding-bottom: 15px !important;background-color: #803026 !important;}\u00bb][vc_column][vc_column_text css=\u00bb\u00bb] La creaci\u00f3n de Weinberger [\/vc_column_text][\/vc_column][\/vc_row][vc_row equal_height=\u00bbyes\u00bb content_placement=\u00bbbottom\u00bb][vc_column width=\u00bb2\/3&#8243;][vc_column_text css=\u00bb.vc_custom_1505122463475{margin-bottom: 0px !important;padding-bottom: 0px !important;}\u00bb] 1854 [\/vc_column_text][vc_column_text css=\u00bb\u00bb] La historia de \u00e9xito de la empresa Weinberger comienza con una explotaci\u00f3n agr\u00edcola en la provincia austriaca de Carintia, que tambi\u00e9n<\/p>\n","protected":false},"author":1,"featured_media":0,"parent":0,"menu_order":0,"comment_status":"closed","ping_status":"closed","template":"","meta":{"_acf_changed":false,"_relevanssi_hide_post":"","_relevanssi_hide_content":"","_relevanssi_pin_for_all":"","_relevanssi_pin_keywords":"","_relevanssi_unpin_keywords":"","_relevanssi_related_keywords":"","_relevanssi_related_include_ids":"","_relevanssi_related_exclude_ids":"","_relevanssi_related_no_append":"","_relevanssi_related_not_related":"","_relevanssi_related_posts":"","_relevanssi_noindex_reason":"","footnotes":""},"class_list":["post-42632","page","type-page","status-publish","hentry"],"acf":[],"_links":{"self":[{"href":"https:\/\/www.weinberger-holz.at\/es\/wp-json\/wp\/v2\/pages\/42632","targetHints":{"allow":["GET"]}}],"collection":[{"href":"https:\/\/www.weinberger-holz.at\/es\/wp-json\/wp\/v2\/pages"}],"about":[{"href":"https:\/\/www.weinberger-holz.at\/es\/wp-json\/wp\/v2\/types\/page"}],"author":[{"embeddable":true,"href":"https:\/\/www.weinberger-holz.at\/es\/wp-json\/wp\/v2\/users\/1"}],"replies":[{"embeddable":true,"href":"https:\/\/www.weinberger-holz.at\/es\/wp-json\/wp\/v2\/comments?post=42632"}],"version-history":[{"count":5,"href":"https:\/\/www.weinberger-holz.at\/es\/wp-json\/wp\/v2\/pages\/42632\/revisions"}],"predecessor-version":[{"id":47428,"href":"https:\/\/www.weinberger-holz.at\/es\/wp-json\/wp\/v2\/pages\/42632\/revisions\/47428"}],"wp:attachment":[{"href":"https:\/\/www.weinberger-holz.at\/es\/wp-json\/wp\/v2\/media?parent=42632"}],"curies":[{"name":"wp","href":"https:\/\/api.w.org\/{rel}","templated":true}]}}

<div class="wpb-content-wrapper"><p>[vc_row type=»full-width-content» css=».vc_custom_1504010577304{margin-bottom: 0px !important;}»][vc_column][vc_empty_space height=»5&#8243;][layerslider_vc id=»2&#8243;][/vc_column][/vc_row][vc_row type=»full-width-section» css=».vc_custom_1504010545873{margin-top: 0px !important;padding-top: 15px !important;padding-bottom: 15px !important;background-color: #803026 !important;}»][vc_column][vc_column_text css=»»]</p>
<h1><span style="color: #ffffff;">La creación de Weinberger</span></h1>
<p>[/vc_column_text][/vc_column][/vc_row][vc_row equal_height=»yes» content_placement=»bottom»][vc_column width=»2/3&#8243;][vc_column_text css=».vc_custom_1505122463475{margin-bottom: 0px !important;padding-bottom: 0px !important;}»]</p>
<h3>1854</h3>
<p>[/vc_column_text][vc_column_text css=»»]</p>
<p style="padding-left: 30px;">La historia de éxito de la empresa Weinberger comienza con una explotación agrícola en la provincia austriaca de Carintia, que también incluía una finca forestal. Hace cinco generaciones, se tomó la decisión de utilizar este capital comercialmente. Con la construcción de un pequeño aserradero, la empresa de Lavanttal aumentó su valor añadido. Las décadas siguientes se caracterizaron por la constante evolución del emplazamiento y la ampliación del aserradero. Por ejemplo, con un parque de troncos, el inicio de la producción de parquet y la construcción de la cepilladora para tablas perfiladas y madera para la construcción. Todas las inversiones representan el desarrollo consecuente de la empresa para transformarla en una empresa de alta tecnología en el campo del tratamiento de la madera.</p>
<p>[/vc_column_text][vc_column_text css=».vc_custom_1505122487594{margin-bottom: 0px !important;padding-bottom: 0px !important;}»]</p>
<h3>1982</h3>
<p>[/vc_column_text][vc_column_text css=»»]</p>
<p style="padding-left: 30px;">Colocación de la primera piedra para la producción de ensamblajes de dientes triangulares, la pieza central actual de Weinberger.</p>
<p>[/vc_column_text][vc_column_text css=».vc_custom_1505122542585{margin-bottom: 0px !important;padding-bottom: 0px !important;}»]</p>
<h3>1992</h3>
<p>[/vc_column_text][vc_column_text css=»»]</p>
<p style="padding-left: 30px;">Estreno europeo del uso de la tecnología de poliuretano sin formaldehído en el sector de los adhesivos (adhesivo PUR) para componentes de madera portantes.</p>
<p>[/vc_column_text][vc_column_text css=».vc_custom_1505122568089{margin-bottom: 0px !important;padding-bottom: 0px !important;}»]</p>
<h3>1994</h3>
<p>[/vc_column_text][vc_column_text css=»»]</p>
<p style="padding-left: 30px;">Fabricación de Bilam y Trilam</p>
<p>[/vc_column_text][vc_column_text css=».vc_custom_1505122591174{margin-bottom: 0px !important;padding-bottom: 0px !important;}»]</p>
<h3>2001</h3>
<p>[/vc_column_text][vc_column_text css=»»]</p>
<p style="padding-left: 30px;">Ganador nacional del premio a la innovación «Crecer gracias a la investigación»</p>
<p>[/vc_column_text][vc_column_text css=».vc_custom_1505122652814{margin-bottom: 0px !important;padding-bottom: 0px !important;}»]</p>
<h3>2007</h3>
<p>[/vc_column_text][vc_column_text css=»»]</p>
<p style="padding-left: 30px;">3.º puesto en el premio a la innovación y la investigación «Ensamblajes innovadores de componentes de madera portantes»</p>
<p>[/vc_column_text][vc_column_text css=».vc_custom_1505122677306{margin-bottom: 0px !important;padding-bottom: 0px !important;}»]</p>
<h3>2010</h3>
<p>[/vc_column_text][vc_column_text css=»»]</p>
<p style="padding-left: 30px;">Adquisición de la planta de BSH en Abtenau (Salzburgo)</p>
<p>[/vc_column_text][vc_column_text css=».vc_custom_1505122694103{margin-bottom: 0px !important;padding-bottom: 0px !important;}»]</p>
<h3>2012</h3>
<p>[/vc_column_text][vc_column_text css=»»]</p>
<p style="padding-left: 30px;">Weinberger es la primera empresa de Europa que produce Bilam y Trilam con calidad conforme a la CE.</p>
<p>[/vc_column_text][vc_column_text css=».vc_custom_1505122716355{margin-bottom: 0px !important;padding-bottom: 0px !important;}»]</p>
<h3>2013</h3>
<p>[/vc_column_text][vc_column_text css=»»]</p>
<p style="padding-left: 30px;">weinberger-holz gmbh recibe el Premio a la Cooperación ACR 2013 por el proyecto de investigación «Tablones para casas de madera sin compensación de asiento» realizado conjuntamente con Holzforschung Austria.</p>
<p>[/vc_column_text][vc_column_text css=».vc_custom_1505122735672{margin-bottom: 0px !important;padding-bottom: 0px !important;}»]</p>
<h3>2014</h3>
<p>[/vc_column_text][vc_column_text css=»»]</p>
<p style="padding-left: 30px;">En otoño de 2014 entra en funcionamiento en Abtenau la planta de madera laminada de Weinberger más moderna de Austria.</p>
<p>[/vc_column_text][vc_column_text css=».vc_custom_1505122752839{margin-bottom: 0px !important;padding-bottom: 0px !important;}»]</p>
<h3>2016</h3>
<p>[/vc_column_text][vc_column_text css=»»]</p>
<p style="padding-left: 30px;">Conformidad CE para Bilam y Trilam en alerce</p>
<p>[/vc_column_text][vc_column_text css=».vc_custom_1517580443519{margin-bottom: 0px !important;padding-bottom: 0px !important;}»]</p>
<h3>2017</h3>
<p>[/vc_column_text][vc_column_text css=»»]</p>
<p style="padding-left: 30px;">Conformidad CE para primolam en abeto y pino</p>
<p>[/vc_column_text][vc_column_text css=».vc_custom_1648554691277{margin-bottom: 0px !important;padding-bottom: 0px !important;}»]</p>
<h3>2018</h3>
<p>[/vc_column_text][vc_column_text css=»»]</p>
<p style="padding-left: 30px;">Nuestra electricidad ecológica ahora también está certificada oficialmente como electricidad verde.</p>
<p>[/vc_column_text][vc_column_text css=».vc_custom_1648554817013{margin-bottom: 0px !important;padding-bottom: 0px !important;}»]</p>
<h3>2021</h3>
<p>[/vc_column_text][vc_column_text css=»»]</p>
<p style="padding-left: 30px;">Conformidad CE para madera laminada de alerce<br />
Conformidad CE para primolam en aplicaciones verticales</p>
<p>[/vc_column_text][vc_column_text css=».vc_custom_1648554992333{margin-bottom: 0px !important;padding-bottom: 0px !important;}»]</p>
<h3>2022</h3>
<p>[/vc_column_text][vc_column_text css=»»]</p>
<p style="padding-left: 30px;">Ampliación del sistema de protección contra incendios (sistema de rociadores) en la planta de Reichenfels<br />
Actualización del software de planificación de la producción y del ordenador central para la producción por encargo</p>
<p>[/vc_column_text][vc_column_text css=»»]</p>
<p style="padding-left: 30px;">Fundación de weinberger-holding gmbh.<br />
Actúa como sociedad matriz de las dos filiales weinberger-holz gmbh y weinberger-abtenau gmbh y flexibiliza las oportunidades de desarrollo estratégico. Sin embargo, la sociedad holding no modifica la estructura de propiedad ni la condición de empresa familiar.</p>
<p>[/vc_column_text][vc_column_text css=».vc_custom_1710158847369{margin-bottom: 0px !important;padding-bottom: 0px !important;}»]</p>
<h3>2023</h3>
<p>[/vc_column_text][vc_column_text css=»»]</p>
<p style="padding-left: 30px;">Adquisición de una nueva prensa de ensamblaje de dientes triangulares, ampliación del almacén de varios niveles e instalación de un nuevo paternóster para la posibilidad de nuevas superestructuras híbridas en la planta de Reichenfels.<br />
Ahora se pueden producir en ambas fábricas tablones para casas de maderas con un grosor de pared de 280 mm y Bilam forte.</p>
<p>[/vc_column_text][vc_column_text css=».vc_custom_1710158858853{margin-bottom: 0px !important;padding-bottom: 0px !important;}»]</p>
<h3>2024</h3>
<p>[/vc_column_text][vc_column_text css=»»]</p>
<p style="padding-left: 30px;">Adquisición de nuevos escáneres de rayos X Microtec en ambas sedes.</p>
<p>[/vc_column_text][vc_column_text css=».vc_custom_1776070262667{margin-bottom: 0px !important;padding-bottom: 0px !important;}»]</p>
<h3>2025</h3>
<p>[/vc_column_text][vc_column_text css=»»]</p>
<p style="padding-left: 30px;">Ampliación de la capacidad de los almacenes de materias primas de Reichenfels hasta alcanzar un total de 16 000 m<sup>3</sup>, lo que se traduce en una mayor disponibilidad y capacidad adicional para otras especies de madera, como el alerce, el pino y el abeto Douglas.</p>
<p>[/vc_column_text][vc_column_text css=».vc_custom_1776942091434{margin-bottom: 0px !important;padding-bottom: 0px !important;}»]</p>
<h3>2026</h3>
<p>[/vc_column_text][vc_column_text css=»»]</p>
<p style="padding-left: 30px;">Adquisición de una nueva cepilladora para madera laminada con un grosor de hasta 1.400 mm.</p>
<p>[/vc_column_text][/vc_column][vc_column width=»1/3&#8243;][vc_empty_space height=»25&#8243;][vc_column_text css=».vc_custom_1739800224416{border-left-width: 2px !important;padding-left: 10px !important;border-left-style: solid !important;border-color: #803026 !important;}» font_size=»20&#8243; line_height=»26&#8243;]<span style="color: #803026;">En la actualidad, Weinberger es el líder del mercado en términos de calidad y servicio en el ámbito de los productos para la construcción portante de madera encolada Bilam, Trilam y madera laminada. Un gran número de clientes europeos de renombre y empresas de comercio y construcción de madera conscientes de la calidad, así como carpinterías de todos los tamaños, aprecian nuestros productos desde hace muchos años.</span>[/vc_column_text][/vc_column][/vc_row]</p>
</div>

<p>[vc_row type=»full-width-content» css=».vc_custom_1504010577304{margin-bottom: 0px !important;}»][vc_column][vc_empty_space height=»5&#8243;][layerslider_vc id=»2&#8243;][/vc_column][/vc_row][vc_row type=»full-width-section» css=».vc_custom_1504010545873{margin-top: 0px !important;padding-top: 15px !important;padding-bottom: 15px !important;background-color: #803026 !important;}»][vc_column][vc_column_text css=»»] La creación de Weinberger [/vc_column_text][/vc_column][/vc_row][vc_row equal_height=»yes» content_placement=»bottom»][vc_column width=»2/3&#8243;][vc_column_text css=».vc_custom_1505122463475{margin-bottom: 0px !important;padding-bottom: 0px !important;}»] 1854 [/vc_column_text][vc_column_text css=»»] La historia de éxito de la empresa Weinberger comienza con una explotación agrícola en la provincia austriaca de Carintia, que también</p>
